 the prime factors of d/(-7)*(-70)/20.
3
Let l = -91 + 90. What are the prime factors of l/14 + (-3502)/(-28)?
5
Suppose -33*n - 119790 + 891000 = 0. List the prime factors of n.
2, 3, 5, 19, 41
List the prime factors of 10467 + 1 - (284/92 + 22/(-253)).
5, 7, 13, 23
Suppose 14500 = 5*x + 22*i - 17*i, -x + 3*i = -2892. What are the prime factors of x?
2, 3, 7, 23
Let k(b) = 9152*b - 12529. List the prime factors of k(6).
11, 3853
Suppose 207621 - 584539 = -26*m + 670050. What are the prime factors of m?
2, 10067
Let p = 11741 + -8150. Suppose -4*c + p = -h + 844, -3*c + 2064 = 3*h. List the prime factors of c.
3, 229
Let l = -5035 + 36430. What are the prime factors of l?
3, 5, 7, 13, 23
Let u = -45812 - -64199. List the prime factors of u.
3, 227
Let x = 13323 + -6933. What are the prime factors of x?
2, 3, 5, 71
Suppose 3*b = 9818 - 2324. List the prime factors of b.
2, 1249
Suppose -297*n = -295*n - 20. Let h(w) = 3*w**3 - 21*w**2 - 13*w + 33. List the prime factors of h(n).
11, 73
Let u(t) = 8*t - 13. Let g be u(8). Suppose g*b - 49*b - 1196 = 0. List the prime factors of b.
2, 13, 23
Let l be (-1 + 5)*1 + 335298/141. Suppose -15*g + 2073 = -l. What are the prime factors of g?
3, 11
Let x = -1296 + 9042. What are the prime factors of x/11 - (-18)/(-99)?
2, 11
Let f = -18 + 133. Suppose 215 = 6*j - f. List the prime factors of j.
5, 11
Suppose -4*o = 2*n - 77544, -22*n + 20*n - 2*o + 77534 = 0. What are the prime factors of n?
2, 19381
Suppose 5*j + n + 4*n = 30, -5*j + 30 = -2*n. Suppose j*i - 1119 - 705 = 0. What are the prime factors of i?
2, 19
Suppose -63 - 23 = -2*w. Let m(x) = w*x - 16*x - 3*x + 4 - 11*x. What are the prime factors of m(7)?
5, 19
Let l = -388 + 405. Let r = 470 + l. What are the prime factors of r?
487
Let t(w) = 10*w + 27. Let j be t(-3). Let h be ((-9)/(-6))/j*-230. Suppose 2*a - 145 = h. What are the prime factors of a?
2, 5, 13
Suppose -5*l - h + 66938 = 0, 52478 = 3*l + 4*h + 12305. List the prime factors of l.
11, 1217
Let a be (-56)/(-4) + 1/(4/(-16)). Suppose 5805 = a*z + 1345. List the prime factors of z.
2, 223
Let p be 2*(-1)/2 - (-2981)/11. Suppose 269*y - p*y + 71 = 0. What are the prime factors of y?
71
Let r = 387 + -378. List the prime factors of (-3)/r + 43453/57.
2, 3, 127
Let p = 40 + -43. Let y be 5 + 218 + p + -1. Suppose -3*l - 4*f + y + 371 = 0, 2*f = 5*l - 992. List the prime factors of l.
2, 3, 11
Let n be ((-15)/(9/3))/(29/116). List the prime factors of 5200/n*(-2)/4.
2, 5, 13
Let n(f) = -f**2 + 2*f**3 - 79 + 81 - 4*f + 4*f**2 + 11*f**3. Let a be n(2). Suppose -a = -3*h + 97. What are the prime factors of h?
3, 23
Suppose -2*b - 2*b - 2*h + 62886 = 0, 0 = 3*b + h - 47163. List the prime factors of b.
2, 3, 5, 131
Let b be (-5)/(-2)*8/10 - 50. Let n be 8752/b + 4/(-6) + 2. Let x = -87 - n. List the prime factors of x.
2, 47
Let q(c) = 10*c**2 + 10*c - 21. Let s be q(4). Suppose -s*y + 616 = -177*y. List the prime factors of y.
2, 7, 11
Suppose -6*o + 6 = -7*o + 2*l, 0 = -5*o + 3*l - 30. Suppose -i - 5 - 37 = 0. Let q = o - i. List the prime factors of q.
2, 3
Let a = 4617 + -2784. List the prime factors of a.
3, 13, 47
Let n = -1315 - -8239. What are the prime factors of n?
2, 3, 577
Let i = 54942 - 36352. List the prime factors of i.
2, 5, 11, 13
Let o(l) be the second derivative of -l**5/20 + l**4/2 - 7*l**3/6 + 15*l**2/2 - 12*l. Let x be o(5). Suppose -x*z + 2 = -4*z. What are the prime factors of z?
2
Suppose -4*w + 6*j = 3*j - 3279, w - 5*j = 824. Suppose -9*u = -36 - w. What are the prime factors of 4*-4*u/(-40)?
2, 19
List the prime factors of ((-980)/(-1)*-3)/(150/(-200)).
2, 5, 7
Let t = 12216 + -5421. List the prime factors of t.
3, 5, 151
Suppose -2541 = -5*m + z, m + 0*m = -5*z + 503. Suppose 5*w = -d + 2531, -w - 16*d + m = -14*d. List the prime factors of w.
2, 11, 23
Let k(l) = -l**3 + 2*l - 5. Let n be k(0). Let z be (-4)/(-10) + ((-56)/n)/2. What are the prime factors of (140/z + -4)*6?
2, 29
Let s = 43234 - 28701. What are the prime factors of s?
14533
Let s(u) = -u**3 + 30*u**2 + 52*u - 56. Let p be s(30). Let g = -43 + p. List the prime factors of g.
3, 487
Let l be 8 - 11 - (-12)/2. Suppose 2*m - l*m = 2. What are the prime factors of 8 + (-4)/8 + (-1)/m?
2
Let v be (-66)/(-2) + 7/(14/(-8)). Let k(s) = s**2 - 25*s - 50. Let i be k(v). Let c = i + 44. List the prime factors of c.
2, 5, 11
Let q(o) = -1501*o + 317. List the prime factors of q(-4).
3, 7, 43
Let c(w) = -2*w**3 + 68*w**2 - w + 22. Let b be c(34). What are the prime factors of (b/9)/((-24)/22428)?
2, 7, 89
Let y be 5 + 2 - (-1 - 0). Suppose -5*d + 329 = 4*h, -d = -0 - 5. Suppose h = 6*x - y. What are the prime factors of x?
2, 7
Let s = -3263 - -4676. Suppose -35*b - s = -38*b. Suppose -10*g + b = -19. List the prime factors of g.
7
Suppose 0 = -4*q - h + 231788, -4*q - 3*h + 129349 + 102455 = 0. What are the prime factors of q?
3, 5, 3863
List the prime factors of (18/5)/((-10)/5592600*-26).
2, 3, 239
What are the prime factors of 62 - 56 - (-2006 + -6)?
2, 1009
Let i(h) be the second derivative of -h**4/12 - 8*h**3/3 - 14*h**2 + 12*h. Let z be i(-14). List the prime factors of 4/2 - (z - 77 - -1).
2, 3, 13
What are the prime factors of 9/15 + (-509580)/(-75)?
3, 5, 151
Let v be 4/(-7) + (-36)/(-14). Suppose 0 = -5*p - 10, v*p = -u + 5*u - 2252. List the prime factors of u.
2, 281
Suppose -6*c - 21*c + 499345 = 8*c. List the prime factors of c.
11, 1297
Let y be 64/12*(-189)/36. List the prime factors of y/6*(-114)/133 - -422.
2, 3, 71
Suppose -z - 15 = -2*h + 2, 3 = -z. Suppose -4*w - 2564 = -h*w + f, 3*w + 2*f - 2576 = 0. List the prime factors of w.
2, 107
Let h = 524 + -1200. Let j = 330 - h. What are the prime factors of j?
2, 503
Let z be (-14)/(-35) + 486/10. List the prime factors of (-1)/(6 - -1) - (-15246)/z.
311
Let w be (21/(-28))/(21/12 + -2). Suppose -2*h - 4*c = -w*c - 1980, -5*c + 972 = h. What are the prime factors of h?
2, 31
Suppose -5*z + 3*n + 21 = 0, 0 = 2*n - 6. What are the prime factors of 65/(-40) + z/(-16) - -279?
277
Let h(a) = 268*a - 60. Let w be h(-6). Let i be (-1 + -14)/(-4*(-3)/12). What are the prime factors of w/(-9) - 5*(-4)/i?
2, 23
Suppose -21*v + 17*v + 297 = -3*w, 2*w - 10 = 0. Suppose -37284 = v*r - 104*r. What are the prime factors of r?
2, 3, 239
What are the prime factors of 1890/(-105)*((-285)/2 + 0) - -2?
17, 151
Let y(f) = 4*f**2 - 36*f + 63. List the prime factors of y(-31).
5023
What are the prime factors of (-1938 - -10)*(-17)/4?
2, 17, 241
Let f = 23613 - 15692. What are the prime factors of f?
89
Let q = -71 - -95. Let t = 21 - q. List the prime factors of (12 + t)/((-6)/(-36)).
2, 3
Let l(u) = -6*u - 14. Let z(g) = 12*g + 27. Let w = 58 + -63. Let x(r) = w*l(r) - 2*z(r). List the prime factors of x(7).
2, 29
Suppose -4*o - 238 = -3*y - 5*o, -4*y - 3*o + 309 = 0. Suppose -83*p + y*p = -670. What are the prime factors of p?
5, 67
Let r(m) be the second derivative of -19*m**3/6 + 365*m**2/2 + 179*m. What are the prime factors of r(-32)?
7, 139
Let x = 180 - 174. Suppose -x*d - 64 = -1192. List the prime factors of d.
2, 47
List the prime factors of -8 + (8472 - -26) + (1 - 1).
2, 3, 5, 283
Let s(z) = -z**2 - 6*z - 3. Let x be s(-9). Suppose -6*b + b = 2*i + 307, -1 = i. Let a = x - b. What are the prime factors of a?
31
Let z be -7 + 3/(-3) + -5. Let m be ((-40)/(-6))/(4/54). Let x = m + z. What are the prime factors of x?
7, 11
Suppose -4*n + 7*n = 15. Suppose 0 = 9*g - n*g - 68. List the prime factors of g.
17
Let z(y) = 7*y - 12. Suppose 15 + 1 = 2*w + 2*h, 2*w - 3*h = -9. Suppose -w*m - 30 = -8*m. List the prime factors of z(m).
2, 3, 5
Let q = -75 - -139. Let j = q + -62. Suppose -j*o + 4*v - 99 = -377, -4*v = 4. List the prime factors of o.
137
Let v(y) = y**3 + 10*y**2 + 11*y - 3. Suppose 4*c + 4*i = i - 26, 2*c = 2*i - 20. Let d be v(c). Let o = d + -18. What are the prime factors of o?
19
Let u be (-1220)/(-18) - 50/(-225). Suppose 2*i - 6*i + u = 0. Suppose i*y = 15*y + 128. What are the prime factors of y?
2
Let p be (8/24)/((-5)/(-35130)). Suppose 2460 = 14*d - p. List the prime factors of d.
7
Suppose -t + 25 = 2*c, 2*c + 3*t - 8 = 15. Suppose -c*y - 48960 = -49*y. List the prime factors of y.
2, 5, 17
Let f(v) = 2*v**2 - 97*v - 124. List th